{"id":1282,"date":"2025-09-08T10:11:08","date_gmt":"2025-09-08T08:11:08","guid":{"rendered":"https:\/\/ujoldal.asvanyekszerek.com\/index.php\/termek\/koszonoajandek-szurke-jaspisbol-kek-rozsaszin-kartyaval\/"},"modified":"2025-09-17T12:12:11","modified_gmt":"2025-09-17T10:12:11","slug":"koszonoajandek-szurke-jaspisbol-kek-rozsaszin-kartyaval","status":"publish","type":"product","link":"https:\/\/ujoldal.asvanyekszerek.com\/index.php\/termek\/koszonoajandek-szurke-jaspisbol-kek-rozsaszin-kartyaval\/","title":{"rendered":"K\u00f6sz\u00f6n\u0151aj\u00e1nd\u00e9k sz\u00fcrke j\u00e1spisb\u00f3l, k\u00e9k-r\u00f3zsasz\u00edn k\u00e1rty\u00e1val"},"content":{"rendered":"<p><strong>J\u00e1spis:\u00a0<\/strong>Szer\u00e9nys\u00e9gre, \u00f6nzetlens\u00e9gre, egy\u00fctt\u00e9rz\u00e9sre \u00e9s t\u00fcrelemre k\u00e9sztet. Jav\u00edtja a kering\u00e9st. Aktiv\u00e1lja a m\u00e1j, epe, l\u00e9p \u00e9s a hasny\u00e1lmirigy m\u0171k\u00f6d\u00e9s\u00e9t.<\/p>\n","protected":false},"excerpt":{"rendered":"<p>Egyedi elk\u00e9pzel\u00e9s alapj\u00e1n k\u00e9sz\u00edtett esk\u00fcv\u0151i k\u00f6sz\u00f6n\u0151aj\u00e1nd\u00e9k sz\u00fcrke j\u00e1spisb\u00f3l.<\/p>\n<p>\u201cK\u00f6sz\u00f6nj\u00fck, hogy vel\u00fcnk \u00fcnnepelsz\u201d<\/p>\n<p>A neveteket, valamint a d\u00e1tumot a megjegyz\u00e9s rovatban tudod felt\u00fcntetni. Amennyiben szeretn\u00e9tek \u00fcltet\u0151k\u00e1rty\u00e1nak is haszn\u00e1lni, a n\u00e9vsort e-mailben (asvanyekszerek2020@gmail.com) tudod nek\u00fcnk elk\u00fcldeni. A h\u00e1tt\u00e9rk\u00e1rtya mint\u00e1ja v\u00e1ltoztathat\u00f3, ezzel kapcsolatban keress minket e-mailben vagy a Jewellerybydori Facebook oldalunkon!<\/p>\n","protected":false},"featured_media":1283,"comment_status":"open","ping_status":"open","template":"","meta":{"_seopress_robots_primary_cat":"","_seopress_titles_title":"","_seopress_titles_desc":"","_seopress_robots_index":""},"product_brand":[],"product_cat":[34,19],"product_tag":[],"class_list":{"0":"post-1282","1":"product","2":"type-product","3":"status-publish","4":"has-post-thumbnail","6":"product_cat-koszonoajandek","7":"product_cat-menyasszonyoknak","9":"first","10":"instock","11":"shipping-taxable","12":"purchasable","13":"product-type-simple"},"_links":{"self":[{"href":"https:\/\/ujoldal.asvanyekszerek.com\/index.php\/wp-json\/wp\/v2\/product\/1282","targetHints":{"allow":["GET"]}}],"collection":[{"href":"https:\/\/ujoldal.asvanyekszerek.com\/index.php\/wp-json\/wp\/v2\/product"}],"about":[{"href":"https:\/\/ujoldal.asvanyekszerek.com\/index.php\/wp-json\/wp\/v2\/types\/product"}],"replies":[{"embeddable":true,"href":"https:\/\/ujoldal.asvanyekszerek.com\/index.php\/wp-json\/wp\/v2\/comments?post=1282"}],"wp:featuredmedia":[{"embeddable":true,"href":"https:\/\/ujoldal.asvanyekszerek.com\/index.php\/wp-json\/wp\/v2\/media\/1283"}],"wp:attachment":[{"href":"https:\/\/ujoldal.asvanyekszerek.com\/index.php\/wp-json\/wp\/v2\/media?parent=1282"}],"wp:term":[{"taxonomy":"product_brand","embeddable":true,"href":"https:\/\/ujoldal.asvanyekszerek.com\/index.php\/wp-json\/wp\/v2\/product_brand?post=1282"},{"taxonomy":"product_cat","embeddable":true,"href":"https:\/\/ujoldal.asvanyekszerek.com\/index.php\/wp-json\/wp\/v2\/product_cat?post=1282"},{"taxonomy":"product_tag","embeddable":true,"href":"https:\/\/ujoldal.asvanyekszerek.com\/index.php\/wp-json\/wp\/v2\/product_tag?post=1282"}],"curies":[{"name":"wp","href":"https:\/\/api.w.org\/{rel}","templated":true}]}}